1001101 (base 2) to base 13
-c368
What is a3 (base 11) in base 3?
11012
-57605 (base 9) to base 11
-26939
40345 (base 7) to base 5
303114
What is -11100100010001 (base 2) in base 9?
-22032
What is 2026 (base 13) in base 5?
120201
-45 (base 9) to base 4
-221
What is -8a56 (base 13) in base 14?
-7093
8221 (base 11) to base 5
322123
Convert 1ec6 (base 16) to base 14.
2c2a
-3121 (base 6) to base 9
-854
What is -336 (base 9) in base 12?
-1b0
a5c5 (base 13) to base 14
8532
What is -147 (base 15) in base 14?
-16c
What is -1101011100111110 (base 2) in base 7?
-316435
Convert -2d6 (base 15) to base 11.
-542
Convert 20022221 (base 3) to base 7.
16312
What is -6024 (base 10) in base 13?
-2985
Convert 10122120 (base 3) to base 10.
2661
-1011101110 (base 3) to base 14
-84a5
Convert 303 (base 12) to base 15.
1e0
What is -1a79 (base 12) in base 8?
-6275
Convert -a92 (base 11) to base 4.
-110133
11100111000101 (base 2) to base 4
3213011
Convert 392a (base 11) to base 10.
5114
370 (base 16) to base 10
880
Convert -1178 (base 11) to base 15.
-6c7
Convert -3191 (base 13) to base 7.
-26024
Convert 2a65 (base 13) to base 11.
46a7
c58 (base 13) to base 6
13421
What is -a17 (base 11) in base 8?
-2314
3281 (base 12) to base 10
5569
111010 (base 2) to base 3
2011
What is -26165 (base 7) in base 8?
-15454
What is -353c (base 13) in base 11?
-5697
10001110010101110 (base 2) to base 12
36212
Convert 37604 (base 9) to base 11.
17a99
What is -6956 (base 15) in base 9?
-33600
Convert -301 (base 6) to base 4.
-1231
10421 (base 9) to base 7
26062
What is -135 (base 16) in base 5?
-2214
-2311 (base 7) to base 10
-841
What is f5c (base 16) in base 6?
30112
Convert 642a (base 16) to base 11.
182a1
2467 (base 10) to base 7
10123
Convert 1107 (base 9) to base 14.
425
What is -5255 (base 11) in base 6?
-52113
What is -111011110 (base 2) in base 12?
-33a
-310a (base 11) to base 10
-4124
Convert 31103302 (base 4) to base 15.
11244
7b5 (base 15) to base 14
8c9
What is -4915 (base 14) in base 13?
-5a66
1739 (base 10) to base 8
3313
What is 1101010 (base 3) in base 2?
1111101010
What is 310111 (base 4) in base 16?
d15
What is 3202034 (base 5) in base 12?
26a96
What is -1021100 (base 3) in base 9?
-1240
What is -13020 (base 4) in base 2?
-111001000
376 (base 15) to base 14
402
-2210000 (base 3) to base 10
-2025
What is -25242 (base 6) in base 13?
-1940
What is -2433102 (base 5) in base 2?
-1011001111001011
What is 2536 (base 8) in base 3?
1212220
100001001111011 (base 2) to base 10
17019
What is -2010220 (base 3) in base 16?
-61b
What is 105015 (base 8) in base 2?
1000101000001101
What is 1010110 (base 2) in base 10?
86
Convert 1713 (base 15) to base 12.
2a60
What is 10211101 (base 3) in base 15?
c61
Convert 1d2 (base 16) to base 14.
254
What is -2101220 (base 3) in base 4?
-123120
Convert -13160 (base 13) to base 7.
-205130
bd58 (base 14) to base 13
11c1b
-33032 (base 6) to base 14
-1936
What is 2733 (base 9) in base 16?
807
1543 (base 7) to base 11
513
-1001010101 (base 2) to base 12
-419
What is 20012000 (base 3) in base 4?
1012131
Convert 1111330 (base 5) to base 12.
b406
What is -101331 (base 4) in base 9?
-1516
-4f (base 16) to base 9
-87
Convert b57 (base 13) to base 10.
1931
What is -1a (base 14) in base 2?
-11000
Convert 9ab9 (base 13) to base 5.
1142430
Convert -198b (base 15) to base 12.
-324b
-372 (base 13) to base 14
-30c
Convert 5355 (base 8) to base 16.
aed
Convert 25045 (base 7) to base 9.
8877
296 (base 12) to base 16
192
Convert -11930 (base 13) to base 12.
-16852
212551 (base 6) to base 10
17491
What is 125652 (base 7) in base 12?
11833
3a38 (base 11) to base 14
1ca8
What is -243 (base 5) in base 13?
-58
Convert 1084 (base 11) to base 4.
112033
Convert 1131033 (base 5) to base 16.
5120
Convert -101223311 (base 4) to base 5.
-4304222
-a96 (base 16) to base 5
-41320
493 (base 12) to base 10
687
Convert -301 (base 10) to base 7.
-610
What is a18a (base 11) in base 15?
401e
Convert -3110 (base 6) to base 13.
-411
1010 (base 9) to base 7
2103
What is -10b6 (base 12) in base 3?
-2120010
What is -2022101 (base 3) in base 9?
-2271
Convert 324120 (base 6) to base 11.
19183
Convert 233 (base 12) to base 2.
101000111
-1044 (base 7) to base 3
-111220
Convert 1140 (base 12) to base 16.
780
What is -29bc (base 15) in base 5?
-241302
Convert fb2 (base 16) to base 11.
3023
-10223 (base 4) to base 14
-175
Convert -621 (base 10) to base 2.
-1001101101
What is -1a18 (base 13) in base 2?
-111101000100
Convert -b1a (base 13) to base 4.
-131122
-1001212 (base 3) to base 11
-649
Convert -338a (base 14) to base 8.
-21356
1b2 (base 15) to base 5
3032
Convert -12120 (base 3) to base 8.
-226
What is 5187 (base 9) in base 11?
294a
What is 736 (base 10) in base 5?
10421
-395 (base 13) to base 12
-445
Convert 1b1 (base 16) to base 14.
22d
225 (base 10) to base 4
3201
What is -30c (base 16) in base 9?
-1056
2201110 (base 4) to base 10
10324
What is 111011111111 (base 2) in base 3?
12021012
What is 3753 (base 13) in base 7?
31602
Convert -316201 (base 7) to base 8.
-153303
What is -37065 (base 9) in base 15?
-7565
What is -48635 (base 10) in base 3?
-2110201022
What is 1012220 (base 3) in base 12?
620
Convert -1120002 (base 3) to base 9.
-1502
Convert 330 (base 11) to base 3.
112200
Convert -2855 (base 11) to base 7.
-13521
423 (base 8) to base 4
10103
134731 (base 8) to base 11
32822
What is 6031 (base 11) in base 2?
1111101010100
121550 (base 6) to base 12
62b6
What is 44410 (base 6) in base 13?
2a8a
Convert 8219 (base 11) to base 12.
6392
204441 (base 5) to base 11
5187
What is 100000101011010 (base 2) in base 14?
6150
What is 261 (base 16) in base 14?
317
What is -12 (base 3) in base 14?
-5
Convert 27a47 (base 11) to base 15.
bc25
-a97 (base 15) to base 12
-1474
What is 3211221 (base 4) in base 3?
202011100
-11222011 (base 4) to base 7
-124363
4e7 (base 16) to base 14
659
1836 (base 9) to base 13
846
52415 (base 6) to base 12
410b
-3b2 (base 15) to base 10
-842
212020 (base 3) to base 16
273
-1002011 (base 3) to base 8
-1423
Convert 1112 (base 14) to base 12.
1864
What is 2055 (base 14) in base 6?
41431
-3142 (base 5) to base 16
-1a6
663a (base 13) to base 6
145541
What is -1302 (base 12) in base 8?
-4162
-5410 (base 16) to base 4
-11100100
-3442210 (base 5) to base 12
-2bb98
Convert 24363 (base 7) to base 2.
1100011011110
Convert 11536 (base 7) to base 10.
3016
Convert -34203 (base 5) to base 16.
-97c
7ad (base 14) to base 13
904
Convert -215 (base 12) to base 5.
-2210
What is 3376 (base 12) in base 6?
42230
32808 (base 9) to base 13
9bc9
What is -1467 (base 10) in base 16?
-5bb
Convert -6388 (base 10) to base 12.
-3844
Convert 1ae (base 15) to base 6.
1445
What is -17174 (base 8) in base 6?
-100044
-22415 (base 6) to base 10
-3179
Convert -10010111 (base 2) to base 16.
-97
Convert -242 (base 8) to base 6.
-430
-13627 (base 11) to base 6
-225433
Convert -4142 (base 13) to base 10.
-9011
-212111012 (base 3) to base 6
-211135
Convert 358 (base 11) to base 16.
1aa
134002 (base 5) to base 8
12576
What is -45404 (base 9) in base 7?
-154045
Convert -36b (base 12) to base 11.
-429
What is 8578 (base 11) in base 8?
26112
Convert 151 (base 12) to base 15.
da
-3338 (base 10) to base 16
-d0a
-1000101010 (base 2) to base 12
-3a2
What is -11002202 (base 3) in base 7?
-11501
What is -2250 (base 7) in base 13?
-4b0
-111110001 (base 2) to base 7
-1310
What is 11110011111 (base 2) in base 12?
1167
-258e (base 15) to base 16
-1f49
What is 31311 (base 4) in base 2?
1101110101
What is 19d (base 14) in base 3?
110102
Convert 4e3d (base 16) to base 6.
232421
-517a (base 11) to base 10
-6863
What is -6dd (base 15) in base 7?
-4354
-32dc (base 15) to base 16
-2a1e
-150 (base 15) to base 13
-1a1
1213 (base 5) to base 16
b7
-2026 (base 8) to base 2
-10000010110
Convert -1177 (base 11) to base 10.
-1536
-23464 (base 7) to base 13
-29c2
3103 (base 9) to base 7
6423
-312 (base 15) to base 12
-498
Convert -22131 (base 13) to base 4.
-33010131
What is 1923 (base 10) in base 4?
132003
1010010 (base 2) to base 15
57
Convert 47011 (base 11) to base 3.
10110010120
What is 419 (base 11) in base 10?
504
3034 (base 7) to base 11
879
1224 (base 5) to base 4
2331
What is 11110010100110 (base 2) in base 3?
210022001
What is 121231